is divided by l.
13
Suppose 13*u - 168 - 170 = 0. What is the remainder when u is divided by 4?
2
Let t = 7 - 4. Let s(c) be the third derivative of 3*c**4/8 - c**3/6 - c**2. Calculate the remainder when s(t) is divided by 9.
8
Suppose 74 = 4*j + 26. Calculate the remainder when 81 is divided by j.
9
Suppose -2*n + u = 2*n - 120, n = -3*u + 30. Calculate the remainder when n is divided by 11.
8
Suppose 5*n - 10 = 3*s, -s - 4*n + 11 - 3 = 0. Let c = -45 - -55. Suppose s = -5*v + c, -55 = -2*b - 3*v + 13. Calculate the remainder when b is divided by 16.
15
What is the remainder when (-13)/(-3)*3 - -4 is divided by 3?
2
Suppose -5*y = 15, 0*a + 250 = 5*a + 5*y. Let f = a + -35. Calculate the remainder when 34 is divided by f.
16
Suppose 4*m - 54 - 86 = 0. Calculate the remainder when m is divided by 18.
17
Let l be (-1 + 0)*(-72)/3. Suppose -3*c + 3 = -l. Calculate the remainder when (-35)/(-1)*1/1 is divided by c.
8
Let p(a) = -a**2 - 3*a + 2. Let g be p(-3). Suppose -9 = -g*v + v + 3*c, 5*v - 102 = -4*c. What is the remainder when v is divided by 10?
8
Suppose 32 = 5*l - 98. What is the remainder when 154 is divided by l?
24
Let p be 2 - (2 - 2*10). Suppose -p = 5*o + 30. Let t = o + 26. What is the remainder when 30 is divided by t?
14
Suppose 2*q = -2*b + 16, 0 = 2*b - 5*b + 12. Calculate the remainder when 13 - ((-2)/2 + -1) is divided by q.
3
Let b be (-16)/(3 + -7) - -24. Suppose 0 = -4*o + 5*y + 28, -5*o - 2*y + b + 7 = 0. What is the remainder when 26 is divided by o?
5
Let b = 31 + 23. Calculate the remainder when b is divided by 4.
2
Suppose 4*m - 271 = 2*m - 5*w, -163 = -m + 3*w. Suppose -5*k + m = -7. What is the remainder when k is divided by 8?
7
Suppose 5*x + 134 - 29 = 4*f, 5*f - 159 = -3*x. Let s = f - -1. Calculate the remainder when s is divided by 11.
9
Suppose -11 + 57 = -2*t. Let v = -6 - t. Calculate the remainder when 33 is divided by v.
16
Suppose -3 = 3*t + 21. Let y(f) = f**3 + 8*f**2 - 3*f + 9. What is the remainder when y(t) is divided by -1*(0 - -1)*-17?
16
Suppose -3*b + 222 = 2*c + 2*c, 0 = -b - 5*c + 74. What is the remainder when b is divided by 19?
17
Let s = -80 - -211. Calculate the remainder when s is divided by 15.
11
Calculate the remainder when 17 is divided by (-38)/57*15/(-2).
2
Let i(p) = 3*p + 3. Suppose -3 = -f + 1. What is the remainder when 58 is divided by i(f)?
13
Let o(b) = b**3 + 10*b**2 + 8*b + 2. Calculate the remainder when (3 + -15)*(-14)/8 is divided by o(-9).
10
Calculate the remainder when 23 is divided by -1 + (-5 - -3) + 15.
11
Let f(k) = k**3 + 2*k**2 - 7*k + 1. What is the remainder when 38 is divided by f(-3)?
12
Suppose -x - 1 + 4 = 0. Let i = -2 + x. Suppose -5*t + 34 = -i. Calculate the remainder when 13 is divided by t.
6
Suppose -2*n = -5*f + 85, -2*f - 3*n + 15 = -0*n. Calculate the remainder when f is divided by 9.
6
Suppose -3*p = 2*h - 4, 2*p = 3*p. Suppose -h*y + y - 72 = -4*q, 0 = -3*q - 3*y + 54. What is the remainder when 34 is divided by q?
16
Suppose -5*h - h + 102 = 0. What is the remainder when 82 is divided by h?
14
Let x = -6 - -8. Suppose -l = -2*j + 6, 0 = -j - j + x*l + 6. What is the remainder when ((-15)/(-6) - j)*-30 is divided by 6?
3
Let a(s) be the first derivative of s**3/3 - 3*s**2 + 4*s - 2. Let l be a(5). Calculate the remainder when l/(-2)*10 - -1 is divided by 4.
2
Let g = -2 - -19. Let m = g - 10. Let d = -11 + 14. What is the remainder when m is divided by d?
1
Let o(n) = -n**2 - 2*n. Let r be o(-2). What is the remainder when 25 is divided by 1/((r - 1)/(-9))?
7
Let s = 7 + 5. Suppose -2*k + 4*b + 41 - 159 = 0, -3*b = -5*k - 288. Let w = k + 80. Calculate the remainder when w is divided by s.
11
Let u(d) = 3*d**2 + 4*d - 3. What is the remainder when u(2) is divided by 10?
7
Let a(h) = h**2 + 2*h + 1. What is the remainder when a(3) is divided by 9?
7
Suppose -5*q - u = -255, -2*q - 3*u + 204 = 2*q. Calculate the remainder when q is divided by 13.
12
What is the remainder when (-4)/8*4 + 70 is divided by 23?
22
Let j(a) = -2*a**3 + 6*a**2 + 6*a + 3. Let m(v) = -3*v**3 + 13*v**2 + 13*v + 5. Let f(i) = 5*j(i) - 3*m(i). What is the remainder when 21 is divided by f(-8)?
5
Let j(r) = 19*r**2 + 2*r - 1. What is the remainder when 58 is divided by j(1)?
18
Let o = 44 - 31. What is the remainder when 51 is divided by o?
12
Let w = 29 + 26. Calculate the remainder when w is divided by 28.
27
Let p = -21 + 49. What is the remainder when 42 is divided by p?
14
Suppose 4*b - 2*b = 20. Let l(y) = 3*y**2 - y + 3. What is the remainder when l(3) is divided by b?
7
What is the remainder when 19 is divided by 188/20 - 6/(-10)?
9
Let v(u) = -3*u**3 - 6*u**2 - 3*u + 8. Calculate the remainder when v(-4) is divided by 17.
14
Suppose -18*c = -331 - 479. What is the remainder when 89 is divided by c?
44
Suppose -p - 6 = -3*p. Suppose 8 = 2*i + 3*o + 3, 0 = 5*o + 5. Calculate the remainder when -12*(p/2 + -2) is divided by i.
2
Suppose 4*x + 22 = 5*p, -3*p + 4*x = -8*p - 2. Let n be 0/(1/1 + 1). Let m(g) = -g + 3. Calculate the remainder when m(n) is divided by p.
1
Suppose -v + 8 = -11. What is the remainder when (0 - v)*(-2 - -1) is divided by 10?
9
Suppose 4*i + 2*r - 243 = 645, 2*r + 222 = i. Calculate the remainder when i is divided by 14.
12
Let i(t) = -2*t - 2. Calculate the remainder when 60 is divided by i(-9).
12
Calculate the remainder when (3 - (1 - -1))*(64 + 7) is divided by 37.
34
Suppose -5*o = -10*o + 40. What is the remainder when o is divided by 4?
0
Suppose -5*r + 20 = 0, 5 = 4*d - r - 7. Suppose 4*l - 2 = -i + 4, 5*i + 6 = -2*l. Suppose 0 = -l*a + a + 14. What is the remainder when a is divided by d?
2
Let o = 447 + -223. Suppose 0 = 5*u + o - 544. What is the remainder when u is divided by (-129)/(-6) - (-1)/2?
20
Let v be (18/(-4))/(3/(-4)). Suppose -t = t - v. Suppose 6 = 3*q + t*i, -i = -2*q - 2*i + 9. Calculate the remainder when 20 is divided by q.
6
Let i(l) = l**2 + l - 3. Suppose 4*k - g - 5 = 0, 4*k + 0*g = 5*g - 7. Suppose -4*f - b + k = -18, f + 4*b = 5. What is the remainder when i(3) is divided by f?
4
Let r = 27 + 16. Let a(c) = -c**2 + 13*c + 11. Calculate the remainder when r is divided by a(13).
10
Suppose 5*v - 27 = -12. Let w be ((-3)/6)/(2/(-4)). Calculate the remainder when 19 is divided by -1 + v - (-5)/w.
5
Suppose 0 = 5*z + 406 - 1336. What is the remainder when z is divided by 27?
24
Let h be 10/(-40) - 41/(-4). What is the remainder when ((-12)/h)/(15/(-50)) is divided by 4?
0
Suppose -j = -3*m + 184, -m + 0*j + 60 = -j. Suppose -b + m = b. Suppose -3*s + 29 = 4*a, 5*s - 15 = -4*a + 4. Calculate the remainder when b is divided by a.
9
Let l(p) = p**2 + 3*p - 1. Let i be l(-4). Suppose -i*v - 3*d + 30 = 0, -5*d = -2*v - 0*v + 27. Calculate the remainder when 20 is divided by v.
9
Suppose 4*c - 1 = 3*c. Suppose -4*a = 3*t - 53, -c = a - t - 3*t. Calculate the remainder when 41 is divided by a.
8
Suppose 3*v - 64 + 1 = 0. Calculate the remainder when 59 is divided by v.
17
Suppose -4 + 2 = -g. Suppose -61 = -g*l - 15. What is the remainder when 89 is divided by l?
20
Let s = 2 + -2. Suppose -4*c + s*f + 2*f = -74, 4*f + 12 = 0. What is the remainder when 31 is divided by c?
14
Let g(q) = 8*q - 30. Calculate the remainder when 29 is divided by g(5).
9
Let p be (-4)/(-10) - 16/(-10). Suppose -p*q + 110 = 28. Let a = q - 25. Calculate the remainder when 46 is divided by a.
14
Let h(g) = -5*g - 7. What is the remainder when 62 is divided by h(-4)?
10
Suppose 0*v = v - 6. Suppose -4*j - 21 = -3*r, -v*r - j = -3*r - 21. Let l(f) = 13*f**3 + f**2 - 2*f + 1. What is the remainder when l(1) is divided by r?
6
Let a(z) = z**2 + 5*z + 4. Let n be a(-5). Let f be n/(-3)*15/(-10). Suppose -f*s + 0 + 20 = 0. Calculate the remainder when s is divided by 6.
4
Let r = -103 + 279. Calculate the remainder when r is divided by 30.
26
Calculate the remainder when (-2 + 1)*(-86 - -3) is divided by 12.
11
Let y be (-2)/((-3)/(-6)*-1). Let o be 23/y - (-1)/4. Suppose 0 = o*h - 3*h - 21. What is the remainder when 20 is divided by h?
6
Suppose -d + 3*d - 20 = 0. Let h(l) be the first derivative of 2*l**3/3 + 3*l**2/2 - l + 1. What is the remainder when h(-4) is divided by d?
9
Suppose 0 = 4*h - 78 - 170. What is the remainder when h is divided